 to base 2.
1101100110
What is 24b (base 13) in base 4?
12101
What is -2055 (base 7) in base 9?
-886
Convert -149b7 (base 13) to base 16.
-986c
What is 919a (base 14) in base 2?
110000111000100
-223213 (base 5) to base 13
-37c3
1360 (base 11) to base 5
24020
-81bc (base 16) to base 8
-100674
Convert 30337 (base 11) to base 9.
66721
1020100100 (base 3) to base 8
57365
Convert 3067 (base 10) to base 12.
1937
-3828 (base 12) to base 5
-200433
What is -211111 (base 3) in base 5?
-4412
-122026 (base 8) to base 6
-522250
What is 3c3 (base 15) in base 11?
710
-98a (base 11) to base 6
-5255
-ca (base 13) to base 14
-bc
Convert -203003 (base 4) to base 9.
-3062
Convert bc (base 13) to base 10.
155
What is -2617 (base 10) in base 16?
-a39
2b184 (base 12) to base 11
41694
Convert 2810 (base 9) to base 4.
201003
What is -8b0 (base 12) in base 3?
-1202120
What is -131 (base 6) in base 15?
-3a
Convert -10232 (base 4) to base 8.
-456
Convert -281 (base 12) to base 16.
-181
161 (base 16) to base 2
101100001
Convert -1260 (base 9) to base 15.
-430
Convert -120122 (base 3) to base 4.
-12212
Convert 1000001010001011 (base 2) to base 16.
828b
Convert 143 (base 8) to base 10.
99
What is 2904 (base 16) in base 9?
15356
-593 (base 15) to base 12
-893
What is -13223 (base 7) in base 12?
-2075
Convert 5123 (base 8) to base 15.
bb3
Convert 8cb (base 16) to base 3.
10002101
What is 30612 (base 9) in base 2?
100111011010100
100112021 (base 3) to base 8
15442
What is 8342 (base 11) in base 10?
11057
What is -5771 (base 15) in base 16?
-487c
What is -11110110001111 (base 2) in base 15?
-4a09
What is 110300 (base 4) in base 14?
6ac
Convert -b0 (base 12) to base 2.
-10000100
-35361 (base 11) to base 3
-2120222012
18999 (base 11) to base 3
1100022222
Convert -808 (base 13) to base 6.
-10144
What is de2 (base 15) in base 9?
4265
372 (base 9) to base 4
10310
What is 15174 (base 9) in base 2?
10100001110010
-1031 (base 10) to base 7
-3002
313440 (base 5) to base 2
10100011111111
Convert 32121031 (base 4) to base 10.
58957
Convert 42c (base 14) to base 2.
1100111000
What is -20551 (base 8) in base 14?
-318d
What is -210021121 (base 3) in base 12?
-8b8a
What is -17668 (base 10) in base 7?
-102340
11011010111 (base 2) to base 7
5051
1605 (base 11) to base 9
2741
-13425 (base 6) to base 7
-6065
-1323102 (base 4) to base 15
-2510
What is 10a (base 14) in base 15?
db
547 (base 10) to base 8
1043
-144043 (base 5) to base 16
-1804
Convert 1cc4 (base 14) to base 2.
1010010010100
Convert 115c (base 13) to base 2.
100110001011
Convert 30104 (base 6) to base 2.
111101011000
Convert 330444 (base 7) to base 8.
160774
Convert -7b3 (base 14) to base 7.
-4313
601 (base 10) to base 6
2441
4133232 (base 5) to base 11
47056
What is 4603 (base 9) in base 11?
2616
Convert 196c (base 13) to base 6.
25344
-1717 (base 12) to base 7
-11014
Convert -5398 (base 15) to base 12.
-a2a5
Convert 22025 (base 7) to base 8.
12603
10010 (base 2) to base 12
16
Convert -103222 (base 4) to base 3.
-1201121
-832 (base 15) to base 13
-ac1
What is -110101010101 (base 2) in base 7?
-12644
-e85 (base 16) to base 14
-14d7
What is 1456 (base 10) in base 2?
10110110000
What is 10123 (base 4) in base 11?
238
Convert 2124143 (base 5) to base 15.
aab8
-225354 (base 8) to base 12
-38350
6418 (base 9) to base 3
20110122
What is 1102 (base 7) in base 12?
28a
120020 (base 3) to base 4
12123
94a8 (base 11) to base 10
12581
What is -1817 (base 10) in base 4?
-130121
Convert -18a (base 16) to base 10.
-394
-10221222011 (base 3) to base 11
-53651
Convert 877 (base 12) to base 16.
4db
Convert 248 (base 15) to base 16.
206
33343 (base 5) to base 9
3188
What is 2506 (base 8) in base 2?
10101000110
Convert -1110110010 (base 2) to base 13.
-57a
Convert 322 (base 14) to base 9.
756
What is 201a2 (base 11) in base 3?
1111111011
Convert -12635 (base 8) to base 4.
-1112131
Convert 1001101 (base 2) to base 7.
140
Convert -97 (base 11) to base 2.
-1101010
What is -2559 (base 11) in base 16?
-d03
-1210100 (base 3) to base 11
-a87
What is 23767 (base 9) in base 5?
1002222
What is 37db (base 15) in base 12?
6a82
What is 96 (base 11) in base 5?
410
What is -45ca (base 16) in base 6?
-214414
What is -3521 (base 9) in base 2?
-101000110011
Convert -111200 (base 3) to base 7.
-1035
-4885 (base 9) to base 8
-7071
-222001 (base 3) to base 5
-10303
What is -23111 (base 5) in base 12?
-b60
What is -14234 (base 5) in base 12?
-836
What is -100110100011 (base 2) in base 14?
-c83
43 (base 12) to base 5
201
What is 31401 (base 5) in base 8?
4065
Convert -1224304 (base 5) to base 4.
-11302120
-400313 (base 5) to base 11
-94aa
Convert -23454 (base 8) to base 12.
-5978
-373 (base 11) to base 12
-30b
285 (base 14) to base 11
423
What is -1010 (base 4) in base 9?
-75
20032032 (base 4) to base 5
2034203
What is -1b36 (base 15) in base 5?
-142101
-273 (base 15) to base 8
-1056
378 (base 10) to base 7
1050
Convert 4209 (base 16) to base 14.
6237
What is 40a (base 11) in base 14?
274
What is 422 (base 6) in base 8?
236
What is 52232 (base 7) in base 12?
74b8
-500 (base 13) to base 12
-5a5
Convert 4386 (base 9) to base 8.
6245
What is 14871 (base 10) in base 8?
35027
Convert e35 (base 15) to base 12.
1a28
Convert -2788 (base 12) to base 11.
-3483
11330 (base 5) to base 3
1011010
4b3a (base 12) to base 4
2011132
Convert -13023 (base 4) to base 7.
-1224
-11001101 (base 2) to base 7
-412
Convert -3204 (base 8) to base 16.
-684
5c89 (base 13) to base 10
13126
What is -231 (base 8) in base 9?
-180
What is 3a6 (base 13) in base 2?
1010000011
Convert -100000100101110 (base 2) to base 9.
-24800
Convert -21363 (base 8) to base 12.
-5217
Convert 1666a (base 11) to base 2.
101101110000101
Convert -2502 (base 8) to base 9.
-1755
Convert -11000000011001 (base 2) to base 3.
-121220001
9c2d (base 14) to base 7
141656
10010110011 (base 2) to base 3
1122120
Convert 2213 (base 10) to base 2.
100010100101
135 (base 16) to base 11
261
52310 (base 7) to base 16
322d
-5081 (base 12) to base 14
-3281
433 (base 13) to base 12
4ba
What is -20a2 (base 15) in base 3?
-100110122
Convert 51160 (base 8) to base 10.
21104
Convert 13130 (base 4) to base 7.
1250
5172 (base 8) to base 2
101001111010
What is 1111120210 (base 3) in base 12?
15156
2552 (base 6) to base 13
3a7
10000100110 (base 2) to base 6
4530
What is 58f (base 16) in base 10?
1423
What is 133 (base 12) in base 14?
d1
What is 10a47 (base 11) in base 2?
11111000011110
Convert -664 (base 12) to base 8.
-1654
Convert b6a4 (base 13) to base 6.
313111
What is 102413 (base 5) in base 13?
177c
Convert -111221101 (base 3) to base 11.
-76a9
87a5 (base 12) to base 5
434312
1111 (base 3) to base 5
130
Convert -220100 (base 3) to base 6.
-3013
Convert 2686 (base 9) to base 8.
3746
Convert 2622 (base 7) to base 8.
1744
-1000100 (base 2) to base 9
-75
Convert -d61 (base 15) to base 13.
-14b0
2322002 (base 4) to base 5
340111
Convert 5d2 (base 16) to base 4.
113102
What is -a88 (base 14) in base 3?
-2212001
What is -6330 (base 8) in base 10?
-3288
Convert 1316 (base 7) to base 11.
418
-215324 (base 6) to base 5
-1034202
a67 (base 11) to base 13
779
14a (base 11) to base 7
340
Convert 40554 (base 6) to base 3.
21101221
Convert 24405 (base 6) to base 12.
2105
What is -1581 (base 9) in base 6?
-5331
3123 (base 10) to base 6
22243
6623 (base 9) to base 6
34333
What is -11000001011100 (base 2) in base 7?
-51044
What is 101212011 (base 3) in base 4?
1323223
Convert -1010102210 (base 3) to base 15.
-6893
Convert -220021 (base 4) to base 8.
-5011
220 (base 10) to base 8
334
-13121323 (base 4) to base 15
-8ec1
What is 85c (base 16) in base 5?
32030
-d0 (base 14) to base 10
-182
-59 (base 16) to base 6
-225
What is -30501 (base 6) in base 9?
-5521
Convert 21212 (base 3) to base 11.
183
What is 33150 (base 6) in base 16?
11fa
What is 25094 (base 11) in base 4?
20303020
What is 172cb (base 13) in base 6?
541433
568 (base 14) to base 9
1421
What is -2d5 (base 16) in base 12?
-505
1012001 (base 3) to base 8
1541
-134020 (base 6) to base 2
-11000011111100
What is 222324 (base 5) in base 6?
100143
-1727 (base 9) to base 11
-aa1
What is 97a (base 11) in base 6?
5240
Convert -13116 (base 9) to base 8.
-21214
What is -13b8 (base 15) in base 2?
-1000001111111
Convert 20